{"id":8,"date":"2024-04-25T14:58:25","date_gmt":"2024-04-25T12:58:25","guid":{"rendered":"https:\/\/missgraphique.fr\/index.php\/page-accueil\/"},"modified":"2026-01-22T19:05:49","modified_gmt":"2026-01-22T18:05:49","slug":"page-accueil","status":"publish","type":"page","link":"https:\/\/missgraphique.fr\/","title":{"rendered":"ACCUEIL"},"content":{"rendered":"\n<p class=\"has-text-align-left has-medium-font-size\">Bienvenue, je suis Sabrina.<\/p>\n\n\n\n<p class=\"has-medium-font-size\">Je suis sp\u00e9cialis\u00e9e dans la\u00a0<strong>cr\u00e9ation de pr\u00e9sentations PowerPoint professionnelles et de masques personnalis\u00e9s<\/strong>, con\u00e7us pour :<\/p>\n\n\n\n<ul class=\"wp-block-list\">\n<li class=\"has-medium-font-size\">renforcer l\u2019impact visuel de vos messages<\/li>\n\n\n\n<li class=\"has-medium-font-size\">garantir une\u00a0<strong>coh\u00e9rence graphique<\/strong>\u00a0avec votre identit\u00e9 de marque<\/li>\n\n\n\n<li class=\"has-medium-font-size\">faire gagner du temps \u00e0 vos \u00e9quipes gr\u00e2ce \u00e0 des templates clairs et efficaces<\/li>\n<\/ul>\n\n\n\n<p class=\"has-medium-font-size\">J\u2019interviens notamment sur :<\/p>\n\n\n\n<ul class=\"wp-block-list\">\n<li class=\"has-medium-font-size\">la cr\u00e9ation ou refonte de\u00a0<strong>masques PowerPoint corporate<\/strong><\/li>\n\n\n\n<li class=\"has-medium-font-size\">le design de pr\u00e9sentations commerciales et institutionnelles<\/li>\n\n\n\n<li class=\"has-medium-font-size\">l\u2019am\u00e9lioration de slides existantes (lisibilit\u00e9, hi\u00e9rarchisation)<\/li>\n<\/ul>\n\n\n\n<p class=\"has-text-align-left has-medium-font-size\">Apr\u00e8s avoir travaill\u00e9 dans plusieurs agences de communication et design packaging, je suis depuis 10 ans freelance sp\u00e9cialis\u00e9e dans le PowerPoint. <br>Mon objectif est de vous proposer des services \u00e0 la mesure de vos exigences. <br>Mes diff\u00e9rentes exp\u00e9riences professionnelles me permettront de vous accompagner efficacement et avec rapidit\u00e9 dans vos projets. <br>Dynamique et positive, je serais \u00e0 votre \u00e9coute pour r\u00e9aliser vos projets et toujours avec le sourire, c&rsquo;est important !<\/p>\n","protected":false},"excerpt":{"rendered":"<p>Bienvenue, je suis Sabrina. Je suis sp\u00e9cialis\u00e9e dans la\u00a0cr\u00e9ation de pr\u00e9sentations PowerPoint professionnelles et de masques personnalis\u00e9s, con\u00e7us pour : J\u2019interviens notamment sur : Apr\u00e8s avoir travaill\u00e9 dans plusieurs agences de communication et design packaging, je suis depuis 10 ans freelance sp\u00e9cialis\u00e9e dans le PowerPoint. Mon objectif est de vous [&hellip;]<\/p>\n","protected":false},"author":1,"featured_media":0,"parent":0,"menu_order":0,"comment_status":"closed","ping_status":"closed","template":"","meta":{"footnotes":""},"class_list":["post-8","page","type-page","status-publish","hentry"],"_links":{"self":[{"href":"https:\/\/missgraphique.fr\/index.php\/wp-json\/wp\/v2\/pages\/8","targetHints":{"allow":["GET"]}}],"collection":[{"href":"https:\/\/missgraphique.fr\/index.php\/wp-json\/wp\/v2\/pages"}],"about":[{"href":"https:\/\/missgraphique.fr\/index.php\/wp-json\/wp\/v2\/types\/page"}],"author":[{"embeddable":true,"href":"https:\/\/missgraphique.fr\/index.php\/wp-json\/wp\/v2\/users\/1"}],"replies":[{"embeddable":true,"href":"https:\/\/missgraphique.fr\/index.php\/wp-json\/wp\/v2\/comments?post=8"}],"version-history":[{"count":61,"href":"https:\/\/missgraphique.fr\/index.php\/wp-json\/wp\/v2\/pages\/8\/revisions"}],"predecessor-version":[{"id":381,"href":"https:\/\/missgraphique.fr\/index.php\/wp-json\/wp\/v2\/pages\/8\/revisions\/381"}],"wp:attachment":[{"href":"https:\/\/missgraphique.fr\/index.php\/wp-json\/wp\/v2\/media?parent=8"}],"curies":[{"name":"wp","href":"https:\/\/api.w.org\/{rel}","templated":true}]}}