{"id":59,"date":"2024-04-26T13:00:36","date_gmt":"2024-04-26T11:00:36","guid":{"rendered":"https:\/\/missgraphique.fr\/?page_id=59"},"modified":"2026-01-23T10:56:09","modified_gmt":"2026-01-23T09:56:09","slug":"portfolio","status":"publish","type":"page","link":"https:\/\/missgraphique.fr\/index.php\/portfolio\/","title":{"rendered":"SP\u00c9CIALISTE POWERPOINT"},"content":{"rendered":"\n<p class=\"has-text-align-center has-accent-color has-text-color has-link-color has-medium-font-size wp-elements-bce13c56a2928df929f2f306884474f4\"><strong>Vous avez besoin d&rsquo;une pr\u00e9sentation dynamique et efficace ? <\/strong><\/p>\n\n\n\n<p class=\"has-text-align-center\">Je peux vous accompagner sur : <br>&#8211; la cr\u00e9ation ou refonte de\u00a0pr\u00e9sentations \/ masques PowerPoint, <br>&#8211; le design de slides \u00e0 fort impact visuel, <br>&#8211; l&rsquo;optimisation de pr\u00e9sentations existantes pour plus de clart\u00e9, <br>de hi\u00e9rarchie, et de coh\u00e9rence graphique, <br><\/p>\n\n\n\n<p class=\"has-text-align-center\">Quelque soit votre besoin, je suis \u00e0 votre \u00e9coute <br>afin de r\u00e9pondre \u00e0 vos attentes et renforcer l&rsquo;impact visuel de votre projet <br>en garantissant une\u00a0coh\u00e9rence graphique\u00a0avec votre identit\u00e9 de marque.<\/p>\n\n\n\n<hr class=\"wp-block-separator has-alpha-channel-opacity\"\/>\n\n\n\n<div class=\"wp-block-columns is-layout-flex wp-container-core-columns-is-layout-9d6595d7 wp-block-columns-is-layout-flex\">\n<div class=\"wp-block-column is-layout-flow wp-block-column-is-layout-flow\"><\/div>\n<\/div>\n\n\n\n<div id=\"envira-gallery-wrap-237\" class=\"envira-gallery-wrap envira-gallery-theme-base envira-lightbox-theme-base\" itemscope itemtype=\"https:\/\/schema.org\/ImageGallery\"><div data-row-height=\"\" data-gallery-theme=\"\" id=\"envira-gallery-237\" class=\"envira-gallery-public  envira-gallery-1-columns envira-clear enviratope envira-gallery-css-animations\" data-envira-columns=\"1\"><div id=\"envira-gallery-item-248\" class=\"envira-gallery-item enviratope-item envira-gallery-item-1 envira-lazy-load\" style=\"padding-left: 5px; padding-bottom: 10px; padding-right: 5px;\"  itemscope itemtype=\"https:\/\/schema.org\/ImageObject\"><div class=\"envira-gallery-item-inner\"><div class=\"envira-gallery-position-overlay  envira-gallery-top-left\"><\/div><div class=\"envira-gallery-position-overlay  envira-gallery-top-right\"><\/div><div class=\"envira-gallery-position-overlay  envira-gallery-bottom-left\"><\/div><div class=\"envira-gallery-position-overlay  envira-gallery-bottom-right\"><\/div><a href=\"https:\/\/missgraphique.fr\/wp-content\/uploads\/2025\/01\/PPT_OF.jpg\" class=\"envira-gallery-237 envira-gallery-link\" rel=\"enviragallery237\" title=\"Pr&eacute;sentation Business Plan \/ Olfactive Studio\" data-envira-caption=\"Pr&eacute;sentation Business Plan \/ Olfactive Studio\" data-envira-retina=\"\" data-thumbnail=\"\"  itemprop=\"contentUrl\"><div class=\"envira-lazy\" data-test-width=\"640\" data-test-height=\"480\" style=\"padding-bottom:75%;\"><img decoding=\"async\" id=\"envira-gallery-image-248\" class=\"envira-gallery-image envira-gallery-image-1\" data-envira-index=\"1\" src=\"https:\/\/missgraphique.fr\/wp-content\/uploads\/2025\/01\/PPT_OF-1024x387-640x480.jpg\" data-envira-src=\"https:\/\/missgraphique.fr\/wp-content\/uploads\/2025\/01\/PPT_OF-1024x387-640x480.jpg\" data-envira-gallery-id=\"237\" data-envira-item-id=\"248\" data-envira-caption=\"Pr&eacute;sentation Business Plan \/ Olfactive Studio\" alt=\"\" title=\"Pr&amp;eacute;sentation Business Plan \/ Olfactive Studio\"  itemprop=\"thumbnailUrl\" data-envira-srcset=\"https:\/\/missgraphique.fr\/wp-content\/uploads\/2025\/01\/PPT_OF-1024x387-640x480.jpg 400w,https:\/\/missgraphique.fr\/wp-content\/uploads\/2025\/01\/PPT_OF-1024x387-640x480.jpg 2x\" srcset=\"data:image\/gif;base64,R0lGODlhAQABAIAAAP\/\/\/\/\/\/\/yH5BAEKAAEALAAAAAABAAEAAAICTAEAOw==\" \/><\/div><\/a><\/div><\/div><div id=\"envira-gallery-item-247\" class=\"envira-gallery-item enviratope-item envira-gallery-item-2 envira-lazy-load\" style=\"padding-left: 5px; padding-bottom: 10px; padding-right: 5px;\"  itemscope itemtype=\"https:\/\/schema.org\/ImageObject\"><div class=\"envira-gallery-item-inner\"><div class=\"envira-gallery-position-overlay  envira-gallery-top-left\"><\/div><div class=\"envira-gallery-position-overlay  envira-gallery-top-right\"><\/div><div class=\"envira-gallery-position-overlay  envira-gallery-bottom-left\"><\/div><div class=\"envira-gallery-position-overlay  envira-gallery-bottom-right\"><\/div><a href=\"https:\/\/missgraphique.fr\/wp-content\/uploads\/2025\/01\/PPT_EDF.jpg\" class=\"envira-gallery-237 envira-gallery-link\" rel=\"enviragallery237\" title=\"Pr&eacute;sentation Industrie &amp;amp;amp; Territoire \/ EDF\" data-envira-caption=\"Pr&eacute;sentation Industrie &amp;amp;amp; Territoire \/ EDF\" data-envira-retina=\"\" data-thumbnail=\"\"  itemprop=\"contentUrl\"><div class=\"envira-lazy\" data-test-width=\"640\" data-test-height=\"480\" style=\"padding-bottom:75%;\"><img decoding=\"async\" id=\"envira-gallery-image-247\" class=\"envira-gallery-image envira-gallery-image-2\" data-envira-index=\"2\" src=\"https:\/\/missgraphique.fr\/wp-content\/uploads\/2025\/01\/PPT_EDF-1024x387-640x480.jpg\" data-envira-src=\"https:\/\/missgraphique.fr\/wp-content\/uploads\/2025\/01\/PPT_EDF-1024x387-640x480.jpg\" data-envira-gallery-id=\"237\" data-envira-item-id=\"247\" data-envira-caption=\"Pr&eacute;sentation Industrie &amp;amp;amp; Territoire \/ EDF\" alt=\"\" title=\"Pr&amp;eacute;sentation Industrie &amp;amp;amp;amp; Territoire \/ EDF\"  itemprop=\"thumbnailUrl\" data-envira-srcset=\"https:\/\/missgraphique.fr\/wp-content\/uploads\/2025\/01\/PPT_EDF-1024x387-640x480.jpg 400w,https:\/\/missgraphique.fr\/wp-content\/uploads\/2025\/01\/PPT_EDF-1024x387-640x480.jpg 2x\" srcset=\"data:image\/gif;base64,R0lGODlhAQABAIAAAP\/\/\/\/\/\/\/yH5BAEKAAEALAAAAAABAAEAAAICTAEAOw==\" \/><\/div><\/a><\/div><\/div><div id=\"envira-gallery-item-240\" class=\"envira-gallery-item enviratope-item envira-gallery-item-3 envira-lazy-load\" style=\"padding-left: 5px; padding-bottom: 10px; padding-right: 5px;\"  itemscope itemtype=\"https:\/\/schema.org\/ImageObject\"><div class=\"envira-gallery-item-inner\"><div class=\"envira-gallery-position-overlay  envira-gallery-top-left\"><\/div><div class=\"envira-gallery-position-overlay  envira-gallery-top-right\"><\/div><div class=\"envira-gallery-position-overlay  envira-gallery-bottom-left\"><\/div><div class=\"envira-gallery-position-overlay  envira-gallery-bottom-right\"><\/div><a href=\"https:\/\/missgraphique.fr\/wp-content\/uploads\/2025\/01\/Pages_PPT_BP.jpg\" class=\"envira-gallery-237 envira-gallery-link\" rel=\"enviragallery237\" title=\"Pr&eacute;sentation Plan Strat&eacute;gique \/ Banque Populaire\" data-envira-caption=\"Pr&eacute;sentation Plan Strat&eacute;gique \/ Banque Populaire\" data-envira-retina=\"\" data-thumbnail=\"\"  itemprop=\"contentUrl\"><div class=\"envira-lazy\" data-test-width=\"640\" data-test-height=\"480\" style=\"padding-bottom:75%;\"><img decoding=\"async\" id=\"envira-gallery-image-240\" class=\"envira-gallery-image envira-gallery-image-3\" data-envira-index=\"3\" src=\"https:\/\/missgraphique.fr\/wp-content\/uploads\/2025\/01\/Pages_PPT_BP-1024x387-640x480.jpg\" data-envira-src=\"https:\/\/missgraphique.fr\/wp-content\/uploads\/2025\/01\/Pages_PPT_BP-1024x387-640x480.jpg\" data-envira-gallery-id=\"237\" data-envira-item-id=\"240\" data-envira-caption=\"Pr&eacute;sentation Plan Strat&eacute;gique \/ Banque Populaire\" alt=\"\" title=\"Pr&amp;eacute;sentation Plan Strat&amp;eacute;gique \/ Banque Populaire\"  itemprop=\"thumbnailUrl\" data-envira-srcset=\"https:\/\/missgraphique.fr\/wp-content\/uploads\/2025\/01\/Pages_PPT_BP-1024x387-640x480.jpg 400w,https:\/\/missgraphique.fr\/wp-content\/uploads\/2025\/01\/Pages_PPT_BP-1024x387-640x480.jpg 2x\" srcset=\"data:image\/gif;base64,R0lGODlhAQABAIAAAP\/\/\/\/\/\/\/yH5BAEKAAEALAAAAAABAAEAAAICTAEAOw==\" \/><\/div><\/a><\/div><\/div><div id=\"envira-gallery-item-245\" class=\"envira-gallery-item enviratope-item envira-gallery-item-4 envira-lazy-load\" style=\"padding-left: 5px; padding-bottom: 10px; padding-right: 5px;\"  itemscope itemtype=\"https:\/\/schema.org\/ImageObject\"><div class=\"envira-gallery-item-inner\"><div class=\"envira-gallery-position-overlay  envira-gallery-top-left\"><\/div><div class=\"envira-gallery-position-overlay  envira-gallery-top-right\"><\/div><div class=\"envira-gallery-position-overlay  envira-gallery-bottom-left\"><\/div><div class=\"envira-gallery-position-overlay  envira-gallery-bottom-right\"><\/div><a href=\"https:\/\/missgraphique.fr\/wp-content\/uploads\/2025\/01\/PPT_AtelierdesOrs.jpg\" class=\"envira-gallery-237 envira-gallery-link\" rel=\"enviragallery237\" title=\"Pr&eacute;sentation Business Plan \/ Atelier des Ors\" data-envira-caption=\"Pr&eacute;sentation Business Plan \/ Atelier des Ors\" data-envira-retina=\"\" data-thumbnail=\"\"  itemprop=\"contentUrl\"><div class=\"envira-lazy\" data-test-width=\"640\" data-test-height=\"480\" style=\"padding-bottom:75%;\"><img decoding=\"async\" id=\"envira-gallery-image-245\" class=\"envira-gallery-image envira-gallery-image-4\" data-envira-index=\"4\" src=\"https:\/\/missgraphique.fr\/wp-content\/uploads\/2025\/01\/PPT_AtelierdesOrs-1024x387-640x480.jpg\" data-envira-src=\"https:\/\/missgraphique.fr\/wp-content\/uploads\/2025\/01\/PPT_AtelierdesOrs-1024x387-640x480.jpg\" data-envira-gallery-id=\"237\" data-envira-item-id=\"245\" data-envira-caption=\"Pr&eacute;sentation Business Plan \/ Atelier des Ors\" alt=\"\" title=\"Pr&amp;eacute;sentation Business Plan \/ Atelier des Ors\"  itemprop=\"thumbnailUrl\" data-envira-srcset=\"https:\/\/missgraphique.fr\/wp-content\/uploads\/2025\/01\/PPT_AtelierdesOrs-1024x387-640x480.jpg 400w,https:\/\/missgraphique.fr\/wp-content\/uploads\/2025\/01\/PPT_AtelierdesOrs-1024x387-640x480.jpg 2x\" srcset=\"data:image\/gif;base64,R0lGODlhAQABAIAAAP\/\/\/\/\/\/\/yH5BAEKAAEALAAAAAABAAEAAAICTAEAOw==\" \/><\/div><\/a><\/div><\/div><div id=\"envira-gallery-item-241\" class=\"envira-gallery-item enviratope-item envira-gallery-item-5 envira-lazy-load\" style=\"padding-left: 5px; padding-bottom: 10px; padding-right: 5px;\"  itemscope itemtype=\"https:\/\/schema.org\/ImageObject\"><div class=\"envira-gallery-item-inner\"><div class=\"envira-gallery-position-overlay  envira-gallery-top-left\"><\/div><div class=\"envira-gallery-position-overlay  envira-gallery-top-right\"><\/div><div class=\"envira-gallery-position-overlay  envira-gallery-bottom-left\"><\/div><div class=\"envira-gallery-position-overlay  envira-gallery-bottom-right\"><\/div><a href=\"https:\/\/missgraphique.fr\/wp-content\/uploads\/2025\/01\/Pages_PPT_Gemo.jpg\" class=\"envira-gallery-237 envira-gallery-link\" rel=\"enviragallery237\" title=\"Masque de pr&eacute;sentation \/ G&eacute;mo\" data-envira-caption=\"Masque de pr&eacute;sentation \/ G&eacute;mo\" data-envira-retina=\"\" data-thumbnail=\"\"  itemprop=\"contentUrl\"><div class=\"envira-lazy\" data-test-width=\"640\" data-test-height=\"480\" style=\"padding-bottom:75%;\"><img decoding=\"async\" id=\"envira-gallery-image-241\" class=\"envira-gallery-image envira-gallery-image-5\" data-envira-index=\"5\" src=\"https:\/\/missgraphique.fr\/wp-content\/uploads\/2025\/01\/Pages_PPT_Gemo-1024x387-640x480.jpg\" data-envira-src=\"https:\/\/missgraphique.fr\/wp-content\/uploads\/2025\/01\/Pages_PPT_Gemo-1024x387-640x480.jpg\" data-envira-gallery-id=\"237\" data-envira-item-id=\"241\" data-envira-caption=\"Masque de pr&eacute;sentation \/ G&eacute;mo\" alt=\"\" title=\"Masque de pr&amp;eacute;sentation \/ G&amp;eacute;mo\"  itemprop=\"thumbnailUrl\" data-envira-srcset=\"https:\/\/missgraphique.fr\/wp-content\/uploads\/2025\/01\/Pages_PPT_Gemo-1024x387-640x480.jpg 400w,https:\/\/missgraphique.fr\/wp-content\/uploads\/2025\/01\/Pages_PPT_Gemo-1024x387-640x480.jpg 2x\" srcset=\"data:image\/gif;base64,R0lGODlhAQABAIAAAP\/\/\/\/\/\/\/yH5BAEKAAEALAAAAAABAAEAAAICTAEAOw==\" \/><\/div><\/a><\/div><\/div><div id=\"envira-gallery-item-246\" class=\"envira-gallery-item enviratope-item envira-gallery-item-6 envira-lazy-load\" style=\"padding-left: 5px; padding-bottom: 10px; padding-right: 5px;\"  itemscope itemtype=\"https:\/\/schema.org\/ImageObject\"><div class=\"envira-gallery-item-inner\"><div class=\"envira-gallery-position-overlay  envira-gallery-top-left\"><\/div><div class=\"envira-gallery-position-overlay  envira-gallery-top-right\"><\/div><div class=\"envira-gallery-position-overlay  envira-gallery-bottom-left\"><\/div><div class=\"envira-gallery-position-overlay  envira-gallery-bottom-right\"><\/div><a href=\"https:\/\/missgraphique.fr\/wp-content\/uploads\/2025\/01\/PPT_BNP.jpg\" class=\"envira-gallery-237 envira-gallery-link\" rel=\"enviragallery237\" title=\"Pr&eacute;sentation \/ BNP Paribas\" data-envira-caption=\"Pr&eacute;sentation \/ BNP Paribas\" data-envira-retina=\"\" data-thumbnail=\"\"  itemprop=\"contentUrl\"><div class=\"envira-lazy\" data-test-width=\"640\" data-test-height=\"480\" style=\"padding-bottom:75%;\"><img decoding=\"async\" id=\"envira-gallery-image-246\" class=\"envira-gallery-image envira-gallery-image-6\" data-envira-index=\"6\" src=\"https:\/\/missgraphique.fr\/wp-content\/uploads\/2025\/01\/PPT_BNP-1024x387-640x480.jpg\" data-envira-src=\"https:\/\/missgraphique.fr\/wp-content\/uploads\/2025\/01\/PPT_BNP-1024x387-640x480.jpg\" data-envira-gallery-id=\"237\" data-envira-item-id=\"246\" data-envira-caption=\"Pr&eacute;sentation \/ BNP Paribas\" alt=\"\" title=\"Pr&amp;eacute;sentation \/ BNP Paribas\"  itemprop=\"thumbnailUrl\" data-envira-srcset=\"https:\/\/missgraphique.fr\/wp-content\/uploads\/2025\/01\/PPT_BNP-1024x387-640x480.jpg 400w,https:\/\/missgraphique.fr\/wp-content\/uploads\/2025\/01\/PPT_BNP-1024x387-640x480.jpg 2x\" srcset=\"data:image\/gif;base64,R0lGODlhAQABAIAAAP\/\/\/\/\/\/\/yH5BAEKAAEALAAAAAABAAEAAAICTAEAOw==\" \/><\/div><\/a><\/div><\/div><div id=\"envira-gallery-item-242\" class=\"envira-gallery-item enviratope-item envira-gallery-item-7 envira-lazy-load\" style=\"padding-left: 5px; padding-bottom: 10px; padding-right: 5px;\"  itemscope itemtype=\"https:\/\/schema.org\/ImageObject\"><div class=\"envira-gallery-item-inner\"><div class=\"envira-gallery-position-overlay  envira-gallery-top-left\"><\/div><div class=\"envira-gallery-position-overlay  envira-gallery-top-right\"><\/div><div class=\"envira-gallery-position-overlay  envira-gallery-bottom-left\"><\/div><div class=\"envira-gallery-position-overlay  envira-gallery-bottom-right\"><\/div><a href=\"https:\/\/missgraphique.fr\/wp-content\/uploads\/2025\/01\/Pages_PPT_Peugeot.jpg\" class=\"envira-gallery-237 envira-gallery-link\" rel=\"enviragallery237\" title=\"Pr&eacute;sentation Lancement 5008 \/ Peugeot\" data-envira-caption=\"Pr&eacute;sentation Lancement 5008 \/ Peugeot\" data-envira-retina=\"\" data-thumbnail=\"\"  itemprop=\"contentUrl\"><div class=\"envira-lazy\" data-test-width=\"640\" data-test-height=\"480\" style=\"padding-bottom:75%;\"><img decoding=\"async\" id=\"envira-gallery-image-242\" class=\"envira-gallery-image envira-gallery-image-7\" data-envira-index=\"7\" src=\"https:\/\/missgraphique.fr\/wp-content\/uploads\/2025\/01\/Pages_PPT_Peugeot-1024x387-640x480.jpg\" data-envira-src=\"https:\/\/missgraphique.fr\/wp-content\/uploads\/2025\/01\/Pages_PPT_Peugeot-1024x387-640x480.jpg\" data-envira-gallery-id=\"237\" data-envira-item-id=\"242\" data-envira-caption=\"Pr&eacute;sentation Lancement 5008 \/ Peugeot\" alt=\"\" title=\"Pr&amp;eacute;sentation Lancement 5008 \/ Peugeot\"  itemprop=\"thumbnailUrl\" data-envira-srcset=\"https:\/\/missgraphique.fr\/wp-content\/uploads\/2025\/01\/Pages_PPT_Peugeot-1024x387-640x480.jpg 400w,https:\/\/missgraphique.fr\/wp-content\/uploads\/2025\/01\/Pages_PPT_Peugeot-1024x387-640x480.jpg 2x\" srcset=\"data:image\/gif;base64,R0lGODlhAQABAIAAAP\/\/\/\/\/\/\/yH5BAEKAAEALAAAAAABAAEAAAICTAEAOw==\" \/><\/div><\/a><\/div><\/div><div id=\"envira-gallery-item-243\" class=\"envira-gallery-item enviratope-item envira-gallery-item-8 envira-lazy-load\" style=\"padding-left: 5px; padding-bottom: 10px; padding-right: 5px;\"  itemscope itemtype=\"https:\/\/schema.org\/ImageObject\"><div class=\"envira-gallery-item-inner\"><div class=\"envira-gallery-position-overlay  envira-gallery-top-left\"><\/div><div class=\"envira-gallery-position-overlay  envira-gallery-top-right\"><\/div><div class=\"envira-gallery-position-overlay  envira-gallery-bottom-left\"><\/div><div class=\"envira-gallery-position-overlay  envira-gallery-bottom-right\"><\/div><a href=\"https:\/\/missgraphique.fr\/wp-content\/uploads\/2025\/01\/Pages_PPT_TF1.jpg\" class=\"envira-gallery-237 envira-gallery-link\" rel=\"enviragallery237\" title=\"Pr&eacute;sentation \/ TF1\" data-envira-caption=\"Pr&eacute;sentation \/ TF1\" data-envira-retina=\"\" data-thumbnail=\"\"  itemprop=\"contentUrl\"><div class=\"envira-lazy\" data-test-width=\"640\" data-test-height=\"480\" style=\"padding-bottom:75%;\"><img decoding=\"async\" id=\"envira-gallery-image-243\" class=\"envira-gallery-image envira-gallery-image-8\" data-envira-index=\"8\" src=\"https:\/\/missgraphique.fr\/wp-content\/uploads\/2025\/01\/Pages_PPT_TF1-1024x387-640x480.jpg\" data-envira-src=\"https:\/\/missgraphique.fr\/wp-content\/uploads\/2025\/01\/Pages_PPT_TF1-1024x387-640x480.jpg\" data-envira-gallery-id=\"237\" data-envira-item-id=\"243\" data-envira-caption=\"Pr&eacute;sentation \/ TF1\" alt=\"\" title=\"Pr&amp;eacute;sentation \/ TF1\"  itemprop=\"thumbnailUrl\" data-envira-srcset=\"https:\/\/missgraphique.fr\/wp-content\/uploads\/2025\/01\/Pages_PPT_TF1-1024x387-640x480.jpg 400w,https:\/\/missgraphique.fr\/wp-content\/uploads\/2025\/01\/Pages_PPT_TF1-1024x387-640x480.jpg 2x\" srcset=\"data:image\/gif;base64,R0lGODlhAQABAIAAAP\/\/\/\/\/\/\/yH5BAEKAAEALAAAAAABAAEAAAICTAEAOw==\" \/><\/div><\/a><\/div><\/div><div id=\"envira-gallery-item-244\" class=\"envira-gallery-item enviratope-item envira-gallery-item-9 envira-lazy-load\" style=\"padding-left: 5px; padding-bottom: 10px; padding-right: 5px;\"  itemscope itemtype=\"https:\/\/schema.org\/ImageObject\"><div class=\"envira-gallery-item-inner\"><div class=\"envira-gallery-position-overlay  envira-gallery-top-left\"><\/div><div class=\"envira-gallery-position-overlay  envira-gallery-top-right\"><\/div><div class=\"envira-gallery-position-overlay  envira-gallery-bottom-left\"><\/div><div class=\"envira-gallery-position-overlay  envira-gallery-bottom-right\"><\/div><a href=\"https:\/\/missgraphique.fr\/wp-content\/uploads\/2025\/01\/Pages_PPT_Vinci.jpg\" class=\"envira-gallery-237 envira-gallery-link\" rel=\"enviragallery237\" title=\"Pr&eacute;sentation avec masque et animations \/ Vinci\" data-envira-caption=\"Pr&eacute;sentation avec masque et animations \/ Vinci\" data-envira-retina=\"\" data-thumbnail=\"\"  itemprop=\"contentUrl\"><div class=\"envira-lazy\" data-test-width=\"640\" data-test-height=\"480\" style=\"padding-bottom:75%;\"><img decoding=\"async\" id=\"envira-gallery-image-244\" class=\"envira-gallery-image envira-gallery-image-9\" data-envira-index=\"9\" src=\"https:\/\/missgraphique.fr\/wp-content\/uploads\/2025\/01\/Pages_PPT_Vinci-1024x387-640x480.jpg\" data-envira-src=\"https:\/\/missgraphique.fr\/wp-content\/uploads\/2025\/01\/Pages_PPT_Vinci-1024x387-640x480.jpg\" data-envira-gallery-id=\"237\" data-envira-item-id=\"244\" data-envira-caption=\"Pr&eacute;sentation avec masque et animations \/ Vinci\" alt=\"\" title=\"Pr&amp;eacute;sentation avec masque et animations \/ Vinci\"  itemprop=\"thumbnailUrl\" data-envira-srcset=\"https:\/\/missgraphique.fr\/wp-content\/uploads\/2025\/01\/Pages_PPT_Vinci-1024x387-640x480.jpg 400w,https:\/\/missgraphique.fr\/wp-content\/uploads\/2025\/01\/Pages_PPT_Vinci-1024x387-640x480.jpg 2x\" srcset=\"data:image\/gif;base64,R0lGODlhAQABAIAAAP\/\/\/\/\/\/\/yH5BAEKAAEALAAAAAABAAEAAAICTAEAOw==\" \/><\/div><\/a><\/div><\/div><\/div><\/div><noscript><img decoding=\"async\" src=\"https:\/\/missgraphique.fr\/wp-content\/uploads\/2025\/01\/PPT_OF.jpg\" alt=\"\" \/><img decoding=\"async\" src=\"https:\/\/missgraphique.fr\/wp-content\/uploads\/2025\/01\/PPT_EDF.jpg\" alt=\"\" \/><img decoding=\"async\" src=\"https:\/\/missgraphique.fr\/wp-content\/uploads\/2025\/01\/Pages_PPT_BP.jpg\" alt=\"\" \/><img decoding=\"async\" src=\"https:\/\/missgraphique.fr\/wp-content\/uploads\/2025\/01\/PPT_AtelierdesOrs.jpg\" alt=\"\" \/><img decoding=\"async\" src=\"https:\/\/missgraphique.fr\/wp-content\/uploads\/2025\/01\/Pages_PPT_Gemo.jpg\" alt=\"\" \/><img decoding=\"async\" src=\"https:\/\/missgraphique.fr\/wp-content\/uploads\/2025\/01\/PPT_BNP.jpg\" alt=\"\" \/><img decoding=\"async\" src=\"https:\/\/missgraphique.fr\/wp-content\/uploads\/2025\/01\/Pages_PPT_Peugeot.jpg\" alt=\"\" \/><img decoding=\"async\" src=\"https:\/\/missgraphique.fr\/wp-content\/uploads\/2025\/01\/Pages_PPT_TF1.jpg\" alt=\"\" \/><img decoding=\"async\" src=\"https:\/\/missgraphique.fr\/wp-content\/uploads\/2025\/01\/Pages_PPT_Vinci.jpg\" alt=\"\" \/><\/noscript>\n\n\n\n<p><\/p>\n","protected":false},"excerpt":{"rendered":"<p>Vous avez besoin d&rsquo;une pr\u00e9sentation dynamique et efficace ? Je peux vous accompagner sur : &#8211; la cr\u00e9ation ou refonte de\u00a0pr\u00e9sentations \/ masques PowerPoint, &#8211; le design de slides \u00e0 fort impact visuel, &#8211; l&rsquo;optimisation de pr\u00e9sentations existantes pour plus de clart\u00e9, de hi\u00e9rarchie, et de coh\u00e9rence graphique, Quelque soit [&hellip;]<\/p>\n","protected":false},"author":1,"featured_media":0,"parent":0,"menu_order":0,"comment_status":"closed","ping_status":"closed","template":"","meta":{"footnotes":""},"class_list":["post-59","page","type-page","status-publish","hentry"],"_links":{"self":[{"href":"https:\/\/missgraphique.fr\/index.php\/wp-json\/wp\/v2\/pages\/59","targetHints":{"allow":["GET"]}}],"collection":[{"href":"https:\/\/missgraphique.fr\/index.php\/wp-json\/wp\/v2\/pages"}],"about":[{"href":"https:\/\/missgraphique.fr\/index.php\/wp-json\/wp\/v2\/types\/page"}],"author":[{"embeddable":true,"href":"https:\/\/missgraphique.fr\/index.php\/wp-json\/wp\/v2\/users\/1"}],"replies":[{"embeddable":true,"href":"https:\/\/missgraphique.fr\/index.php\/wp-json\/wp\/v2\/comments?post=59"}],"version-history":[{"count":19,"href":"https:\/\/missgraphique.fr\/index.php\/wp-json\/wp\/v2\/pages\/59\/revisions"}],"predecessor-version":[{"id":461,"href":"https:\/\/missgraphique.fr\/index.php\/wp-json\/wp\/v2\/pages\/59\/revisions\/461"}],"wp:attachment":[{"href":"https:\/\/missgraphique.fr\/index.php\/wp-json\/wp\/v2\/media?parent=59"}],"curies":[{"name":"wp","href":"https:\/\/api.w.org\/{rel}","templated":true}]}}